{"id":741,"date":"2016-04-03T17:01:14","date_gmt":"2016-04-03T17:01:14","guid":{"rendered":"http:\/\/st-justus.ch\/?page_id=741"},"modified":"2025-08-12T19:44:34","modified_gmt":"2025-08-12T19:44:34","slug":"abteilungskomitee","status":"publish","type":"page","link":"https:\/\/st-justus.ch\/?page_id=741","title":{"rendered":"Abteilungskomitee"},"content":{"rendered":"<p>Das Abteilungskomitee ist im Gegensatz zur Abteilungsleitung strategisch t\u00e4tig und ber\u00e4t die Abteilungsleitung. Die zwei Schl\u00fcsselfunktionen des Abteilungskomitees sind Beratung und Ansprechperson f\u00fcr Eltern.<\/p>\n<p>Aufgaben:<\/p>\n<ul>\n<li>Verfolgt das Geschehen in der Abteilung und stellt die Qualit\u00e4t im Pfadibetrieb sicher.<\/li>\n<li>Ist die Ansprechstelle f\u00fcr Pfadieltern und Eltern, die sich f\u00fcr den Pfadibetrieb interessieren (im Sinne von Eltern-zu-Eltern-Fragen).<\/li>\n<li>Ist an Abteilungsanl\u00e4ssen pr\u00e4sent und hilft je nach dem mit<\/li>\n<li>Ist strategisch t\u00e4tig und kl\u00e4rt die Aufgaben innerhalb der Abteilung (Coach, Abteilungsleitung, Abteilungskomitee, Kasse, Revision, Bekleidungsstelle etc. Die operative Leitung liegt bei der <a href=\"https:\/\/st-justus.ch\/?page_id=702\">Abteilungsleitung.<\/a><\/li>\n<li>Erhalt des Jahresberichtes<\/li>\n<li>J\u00e4hrlicher Austausch und Infos im Rahmen des Abteilungskomitee Treffen (inkl. Heimvereine) aller Abteilungen im Kanton SG\/AR\/AI<\/li>\n<li>Kommunikation im Bad News Fall<\/li>\n<\/ul>\n\n\n<div style=\"height:100px\" aria-hidden=\"true\" class=\"wp-block-spacer\"><\/div>\n\n\n\n<h3 class=\"wp-block-heading\">Abteilungskommitee Pr\u00e4sident<\/h3>\n\n\n\n<div class=\"wp-block-media-text alignwide is-stacked-on-mobile\"><figure class=\"wp-block-media-text__media\"><img loading=\"lazy\" decoding=\"async\" width=\"768\" height=\"1024\" src=\"https:\/\/st-justus.ch\/wp-content\/uploads\/2025\/02\/PHOTO-2024-11-23-17-28-05-768x1024.jpg\" alt=\"\" class=\"wp-image-4969 size-full\" srcset=\"https:\/\/st-justus.ch\/wp-content\/uploads\/2025\/02\/PHOTO-2024-11-23-17-28-05-768x1024.jpg 768w, https:\/\/st-justus.ch\/wp-content\/uploads\/2025\/02\/PHOTO-2024-11-23-17-28-05-225x300.jpg 225w, https:\/\/st-justus.ch\/wp-content\/uploads\/2025\/02\/PHOTO-2024-11-23-17-28-05-1152x1536.jpg 1152w, https:\/\/st-justus.ch\/wp-content\/uploads\/2025\/02\/PHOTO-2024-11-23-17-28-05-1536x2048.jpg 1536w, https:\/\/st-justus.ch\/wp-content\/uploads\/2025\/02\/PHOTO-2024-11-23-17-28-05-scaled.jpg 1920w\" sizes=\"auto, (max-width: 768px) 100vw, 768px\" \/><\/figure><div class=\"wp-block-media-text__content\">\n<p class=\"has-medium-font-size\"><strong>Geri<\/strong><br>Steinhart<\/p>\n\n\n\n<p class=\"has-small-font-size\"><br> <a href=\"mailto:praesident@st-justus.ch\">praesident@st-justus.ch<\/a><\/p>\n<\/div><\/div>\n\n\n\n<div style=\"height:100px\" aria-hidden=\"true\" class=\"wp-block-spacer\"><\/div>\n\n\n\n<div class=\"wp-block-media-text alignwide has-media-on-the-right is-stacked-on-mobile\"><div class=\"wp-block-media-text__content\">\n<p class=\"has-text-align-right has-medium-font-size\"><span style=\"font-weight: 600; background-color: rgb(232, 234, 235);\">Smiley<\/span><br>No\u00ebl Aschwanden<\/p>\n\n\n\n<p class=\"has-text-align-right\">Abteilungsleiter \/ Vizepr\u00e4sident<\/p>\n<\/div><figure class=\"wp-block-media-text__media\"><img loading=\"lazy\" decoding=\"async\" width=\"683\" height=\"1024\" src=\"https:\/\/st-justus.ch\/wp-content\/uploads\/2020\/10\/DSC_2037-683x1024.jpg\" alt=\"\" class=\"wp-image-2830 size-full\" srcset=\"https:\/\/st-justus.ch\/wp-content\/uploads\/2020\/10\/DSC_2037-683x1024.jpg 683w, https:\/\/st-justus.ch\/wp-content\/uploads\/2020\/10\/DSC_2037-200x300.jpg 200w, https:\/\/st-justus.ch\/wp-content\/uploads\/2020\/10\/DSC_2037-768x1152.jpg 768w\" sizes=\"auto, (max-width: 683px) 100vw, 683px\" \/><\/figure><\/div>\n\n\n\n<div class=\"wp-block-media-text alignwide is-stacked-on-mobile\"><figure class=\"wp-block-media-text__media\"><img loading=\"lazy\" decoding=\"async\" width=\"683\" height=\"1024\" src=\"https:\/\/st-justus.ch\/wp-content\/uploads\/2024\/03\/Kaja_01-1-683x1024.jpg\" alt=\"\" class=\"wp-image-4499 size-full\" srcset=\"https:\/\/st-justus.ch\/wp-content\/uploads\/2024\/03\/Kaja_01-1-683x1024.jpg 683w, https:\/\/st-justus.ch\/wp-content\/uploads\/2024\/03\/Kaja_01-1-200x300.jpg 200w, https:\/\/st-justus.ch\/wp-content\/uploads\/2024\/03\/Kaja_01-1-768x1152.jpg 768w, https:\/\/st-justus.ch\/wp-content\/uploads\/2024\/03\/Kaja_01-1-1024x1536.jpg 1024w, https:\/\/st-justus.ch\/wp-content\/uploads\/2024\/03\/Kaja_01-1-1365x2048.jpg 1365w, https:\/\/st-justus.ch\/wp-content\/uploads\/2024\/03\/Kaja_01-1-scaled.jpg 1707w\" sizes=\"auto, (max-width: 683px) 100vw, 683px\" \/><\/figure><div class=\"wp-block-media-text__content\">\n<p class=\"has-text-align-left has-medium-font-size\"><span style=\"font-weight: 600; background-color: rgb(232, 234, 235);\">Kaja<\/span><br>Tania Monteiro<\/p>\n\n\n\n<p class=\"has-text-align-left\">Abteilungsleiterin<\/p>\n<\/div><\/div>\n\n\n\n<div class=\"wp-block-media-text alignwide has-media-on-the-right is-stacked-on-mobile\"><div class=\"wp-block-media-text__content\">\n<p class=\"has-medium-font-size\"><span style=\"font-weight: 600; background-color: rgb(232, 234, 235);\">Fortissimo<\/span><br>Tanja Wildhaber<\/p>\n\n\n\n<p>Kassiererin<\/p>\n<\/div><figure class=\"wp-block-media-text__media\"><img loading=\"lazy\" decoding=\"async\" width=\"768\" height=\"1024\" src=\"https:\/\/st-justus.ch\/wp-content\/uploads\/2025\/02\/IMG_5280-768x1024.jpg\" alt=\"\" class=\"wp-image-4970 size-full\" srcset=\"https:\/\/st-justus.ch\/wp-content\/uploads\/2025\/02\/IMG_5280-768x1024.jpg 768w, https:\/\/st-justus.ch\/wp-content\/uploads\/2025\/02\/IMG_5280-225x300.jpg 225w, https:\/\/st-justus.ch\/wp-content\/uploads\/2025\/02\/IMG_5280-1152x1536.jpg 1152w, https:\/\/st-justus.ch\/wp-content\/uploads\/2025\/02\/IMG_5280-1536x2048.jpg 1536w, https:\/\/st-justus.ch\/wp-content\/uploads\/2025\/02\/IMG_5280-scaled.jpg 1920w\" sizes=\"auto, (max-width: 768px) 100vw, 768px\" \/><\/figure><\/div>\n\n\n\n<div class=\"wp-block-media-text alignwide is-stacked-on-mobile\"><figure class=\"wp-block-media-text__media\"><img loading=\"lazy\" decoding=\"async\" width=\"768\" height=\"1024\" src=\"https:\/\/st-justus.ch\/wp-content\/uploads\/2025\/02\/IMG_8785-768x1024.jpg\" alt=\"\" class=\"wp-image-4971 size-full\" srcset=\"https:\/\/st-justus.ch\/wp-content\/uploads\/2025\/02\/IMG_8785-768x1024.jpg 768w, https:\/\/st-justus.ch\/wp-content\/uploads\/2025\/02\/IMG_8785-225x300.jpg 225w, https:\/\/st-justus.ch\/wp-content\/uploads\/2025\/02\/IMG_8785-1152x1536.jpg 1152w, https:\/\/st-justus.ch\/wp-content\/uploads\/2025\/02\/IMG_8785-1536x2048.jpg 1536w, https:\/\/st-justus.ch\/wp-content\/uploads\/2025\/02\/IMG_8785-scaled.jpg 1920w\" sizes=\"auto, (max-width: 768px) 100vw, 768px\" \/><\/figure><div class=\"wp-block-media-text__content\">\n<p class=\"has-text-align-right has-medium-font-size\"><span style=\"font-weight: 600; background-color: rgb(232, 234, 235);\">Tabaluga<\/span><br>Franziska Beeler<\/p>\n\n\n\n<p class=\"has-text-align-right\">Aktuarin<\/p>\n<\/div><\/div>\n\n\n\n<div class=\"wp-block-media-text alignwide has-media-on-the-right is-stacked-on-mobile\"><div class=\"wp-block-media-text__content\">\n<p class=\"has-text-align-left has-medium-font-size\"><span style=\"font-weight: 600; background-color: rgb(232, 234, 235);\">Nadin<\/span><br>Nadin Marty<\/p>\n\n\n\n<p class=\"has-text-align-left has-medium-font-size\">Beisitzerin \/ Hausverwaltung <\/p>\n<\/div><figure class=\"wp-block-media-text__media\"><img loading=\"lazy\" decoding=\"async\" width=\"683\" height=\"1024\" src=\"https:\/\/st-justus.ch\/wp-content\/uploads\/2020\/10\/Leer-683x1024.jpg\" alt=\"\" class=\"wp-image-2839 size-full\" srcset=\"https:\/\/st-justus.ch\/wp-content\/uploads\/2020\/10\/Leer-683x1024.jpg 683w, https:\/\/st-justus.ch\/wp-content\/uploads\/2020\/10\/Leer-200x300.jpg 200w, https:\/\/st-justus.ch\/wp-content\/uploads\/2020\/10\/Leer-768x1152.jpg 768w\" sizes=\"auto, (max-width: 683px) 100vw, 683px\" \/><\/figure><\/div>\n\n\n\n<div class=\"wp-block-media-text alignwide has-media-on-the-right is-stacked-on-mobile\"><div class=\"wp-block-media-text__content\">\n<p class=\"has-text-align-right has-medium-font-size\"><strong>Mugs<\/strong><br>Marius Allenspach<br><\/p>\n\n\n\n<p class=\"has-text-align-right\">Materialwart<\/p>\n<\/div><figure class=\"wp-block-media-text__media\"><img loading=\"lazy\" decoding=\"async\" width=\"683\" height=\"1024\" src=\"https:\/\/st-justus.ch\/wp-content\/uploads\/2020\/10\/DSC_2046-683x1024.jpg\" alt=\"\" class=\"wp-image-2832 size-full\" srcset=\"https:\/\/st-justus.ch\/wp-content\/uploads\/2020\/10\/DSC_2046-683x1024.jpg 683w, https:\/\/st-justus.ch\/wp-content\/uploads\/2020\/10\/DSC_2046-200x300.jpg 200w, https:\/\/st-justus.ch\/wp-content\/uploads\/2020\/10\/DSC_2046-768x1152.jpg 768w\" sizes=\"auto, (max-width: 683px) 100vw, 683px\" \/><\/figure><\/div>\n","protected":false},"excerpt":{"rendered":"<p>Das Abteilungskomitee ist im Gegensatz zur Abteilungsleitung strategisch t\u00e4tig und ber\u00e4t die Abteilungsleitung. Die zwei Schl\u00fcsselfunktionen des Abteilungskomitees sind Beratung und Ansprechperson f\u00fcr Eltern. Aufgaben: Verfolgt das Geschehen in der Abteilung und stellt die Qualit\u00e4t im Pfadibetrieb sicher. Ist die Ansprechstelle f\u00fcr Pfadieltern und Eltern, die sich f\u00fcr den Pfadibetrieb interessieren (im Sinne von Eltern-zu-Eltern-Fragen). &hellip; <a href=\"https:\/\/st-justus.ch\/?page_id=741\" class=\"more-link\"><span class=\"screen-reader-text\">Abteilungskomitee<\/span> weiterlesen <span class=\"meta-nav\">&rarr;<\/span><\/a><\/p>\n","protected":false},"author":5,"featured_media":0,"parent":706,"menu_order":0,"comment_status":"closed","ping_status":"closed","template":"","meta":{"footnotes":""},"class_list":["post-741","page","type-page","status-publish","hentry"],"_links":{"self":[{"href":"https:\/\/st-justus.ch\/index.php?rest_route=\/wp\/v2\/pages\/741","targetHints":{"allow":["GET"]}}],"collection":[{"href":"https:\/\/st-justus.ch\/index.php?rest_route=\/wp\/v2\/pages"}],"about":[{"href":"https:\/\/st-justus.ch\/index.php?rest_route=\/wp\/v2\/types\/page"}],"author":[{"embeddable":true,"href":"https:\/\/st-justus.ch\/index.php?rest_route=\/wp\/v2\/users\/5"}],"replies":[{"embeddable":true,"href":"https:\/\/st-justus.ch\/index.php?rest_route=%2Fwp%2Fv2%2Fcomments&post=741"}],"version-history":[{"count":24,"href":"https:\/\/st-justus.ch\/index.php?rest_route=\/wp\/v2\/pages\/741\/revisions"}],"predecessor-version":[{"id":5151,"href":"https:\/\/st-justus.ch\/index.php?rest_route=\/wp\/v2\/pages\/741\/revisions\/5151"}],"up":[{"embeddable":true,"href":"https:\/\/st-justus.ch\/index.php?rest_route=\/wp\/v2\/pages\/706"}],"wp:attachment":[{"href":"https:\/\/st-justus.ch\/index.php?rest_route=%2Fwp%2Fv2%2Fmedia&parent=741"}],"curies":[{"name":"wp","href":"https:\/\/api.w.org\/{rel}","templated":true}]}}