{"id":714,"date":"2016-04-03T14:07:15","date_gmt":"2016-04-03T14:07:15","guid":{"rendered":"http:\/\/st-justus.ch\/?page_id=714"},"modified":"2025-10-20T14:35:07","modified_gmt":"2025-10-20T14:35:07","slug":"pfadistufe","status":"publish","type":"page","link":"https:\/\/st-justus.ch\/?page_id=714","title":{"rendered":"Pfadistufe"},"content":{"rendered":"\n<p><strong>Bist du zwischen 10 \u2013 16<\/strong><strong>&nbsp;Jahre alt?<\/strong><br>Dann kannst du bei den Pfadis mitmachen. Als Mitglied der Pfadistufe wirst du Pfadi<br>genannt.<\/p>\n\n\n\n<p><strong>Was erlebst du in der Pfadistufe?<\/strong><\/p>\n\n\n\n<p>Hast du dich schon einmal mit Karte und Kompass auf eine Wanderung begeben? Oder bist du schon einmal in tollen Gel\u00e4ndespielen gegen andere Gruppen angetreten? Hast du mal Verbrecher durch die ganze Schweiz gejagt? Im Freien \u00fcbernachtet und dabei die Sterne gez\u00e4hlt? Schwierige R\u00e4tsel gel\u00f6st? Seilbr\u00fccken und T\u00fcrme gebaut? H\u00f6hlen erforscht und verschollenen Artefakte wiederentdeckt? Bei den Pfadis kannst du all das und noch viel mehr erleben!<\/p>\n\n\n\n<p>Die Pfadis treffen sich jeden 2 Samstag und erleben spannende Abenteuer im Freien. Dabei kannst du dich so richtig austoben. Du lernst bei uns tolle Spiele kennen und gewinnst viele neue Freundinnen und Freunde. Der H\u00f6hepunkt jedes Jahres ist das Sommerlager: Die Pfadis Zelten zwei Wochen irgendwo in der Schweiz oder im nahen Ausland. Ein spannendes Lagerthema begleitet euch und ihr erlebt die gr\u00f6ssten Abenteuer, die du dir vorstellen kannst.<\/p>\n\n\n\n<p>Der Wahlspruch der Pfadi lautet &#8222;Allzeit bereit\u201c. Das bedeutet, dass alle Pfadis immer bereits sind, neue Abenteuer zu erleben und sich f\u00fcr die Pfadi sowie die Gesellschaft zu engagieren. Beim Zusammenleben nehmen alle aufeinander R\u00fccksicht und behandeln einander mit Respekt. Wenn du l\u00e4nger in der Pfadistufe bleibst, kannst du Leitpfadi werden. Die Leitpfadis unterst\u00fctzen die Leiterinnen und Leiter und \u00fcbernehmen schon fr\u00fch Verantwortung.<\/p>\n\n\n\n<p>Nach drei bis vier Jahren bei den Pfadis hast du viel erlebt und gelernt und kannst anschliessend in die&nbsp;Piostufe, zu den <a href=\"https:\/\/st-justus.ch\/?page_id=716\">Pios<\/a> wechseln und dort weitere Abenteuer erleben.<\/p>\n\n\n\n<hr class=\"wp-block-separator has-css-opacity\"\/>\n\n\n\n<figure class=\"wp-block-gallery has-nested-images columns-default is-cropped wp-block-gallery-1 is-layout-flex wp-block-gallery-is-layout-flex\">\n<figure class=\"wp-block-image size-large\"><a href=\"https:\/\/st-justus.ch\/wp-content\/uploads\/2024\/03\/Bison-1-scaled.jpg\"><img loading=\"lazy\" decoding=\"async\" width=\"1024\" height=\"683\" data-id=\"4466\" src=\"https:\/\/st-justus.ch\/wp-content\/uploads\/2024\/03\/Bison-1-1024x683.jpg\" alt=\"\" class=\"wp-image-4466\" srcset=\"https:\/\/st-justus.ch\/wp-content\/uploads\/2024\/03\/Bison-1-1024x683.jpg 1024w, https:\/\/st-justus.ch\/wp-content\/uploads\/2024\/03\/Bison-1-300x200.jpg 300w, https:\/\/st-justus.ch\/wp-content\/uploads\/2024\/03\/Bison-1-768x512.jpg 768w, https:\/\/st-justus.ch\/wp-content\/uploads\/2024\/03\/Bison-1-1536x1024.jpg 1536w, https:\/\/st-justus.ch\/wp-content\/uploads\/2024\/03\/Bison-1-2048x1365.jpg 2048w\" sizes=\"auto, (max-width: 1024px) 100vw, 1024px\" \/><\/a><\/figure>\n\n\n\n<figure class=\"wp-block-image size-large\"><a href=\"https:\/\/st-justus.ch\/wp-content\/uploads\/2024\/03\/Grizzly-1-scaled.jpg\"><img loading=\"lazy\" decoding=\"async\" width=\"1024\" height=\"683\" data-id=\"4465\" src=\"https:\/\/st-justus.ch\/wp-content\/uploads\/2024\/03\/Grizzly-1-1024x683.jpg\" alt=\"\" class=\"wp-image-4465\" srcset=\"https:\/\/st-justus.ch\/wp-content\/uploads\/2024\/03\/Grizzly-1-1024x683.jpg 1024w, https:\/\/st-justus.ch\/wp-content\/uploads\/2024\/03\/Grizzly-1-300x200.jpg 300w, https:\/\/st-justus.ch\/wp-content\/uploads\/2024\/03\/Grizzly-1-768x512.jpg 768w, https:\/\/st-justus.ch\/wp-content\/uploads\/2024\/03\/Grizzly-1-1536x1024.jpg 1536w, https:\/\/st-justus.ch\/wp-content\/uploads\/2024\/03\/Grizzly-1-2048x1365.jpg 2048w\" sizes=\"auto, (max-width: 1024px) 100vw, 1024px\" \/><\/a><\/figure>\n<\/figure>\n\n\n\n<figure class=\"wp-block-gallery has-nested-images columns-default is-cropped wp-block-gallery-2 is-layout-flex wp-block-gallery-is-layout-flex\">\n<figure class=\"wp-block-image size-large\"><a href=\"https:\/\/st-justus.ch\/wp-content\/uploads\/2024\/03\/Kojote-scaled.jpg\"><img loading=\"lazy\" decoding=\"async\" width=\"1024\" height=\"683\" data-id=\"4464\" src=\"https:\/\/st-justus.ch\/wp-content\/uploads\/2024\/03\/Kojote-1024x683.jpg\" alt=\"\" class=\"wp-image-4464\" srcset=\"https:\/\/st-justus.ch\/wp-content\/uploads\/2024\/03\/Kojote-1024x683.jpg 1024w, https:\/\/st-justus.ch\/wp-content\/uploads\/2024\/03\/Kojote-300x200.jpg 300w, https:\/\/st-justus.ch\/wp-content\/uploads\/2024\/03\/Kojote-768x512.jpg 768w, https:\/\/st-justus.ch\/wp-content\/uploads\/2024\/03\/Kojote-1536x1024.jpg 1536w, https:\/\/st-justus.ch\/wp-content\/uploads\/2024\/03\/Kojote-2048x1365.jpg 2048w\" sizes=\"auto, (max-width: 1024px) 100vw, 1024px\" \/><\/a><\/figure>\n\n\n\n<figure class=\"wp-block-image size-large\"><a href=\"https:\/\/st-justus.ch\/wp-content\/uploads\/2024\/03\/Lupa-scaled.jpg\"><img loading=\"lazy\" decoding=\"async\" width=\"1024\" height=\"683\" data-id=\"4463\" src=\"https:\/\/st-justus.ch\/wp-content\/uploads\/2024\/03\/Lupa-1024x683.jpg\" alt=\"\" class=\"wp-image-4463\" srcset=\"https:\/\/st-justus.ch\/wp-content\/uploads\/2024\/03\/Lupa-1024x683.jpg 1024w, https:\/\/st-justus.ch\/wp-content\/uploads\/2024\/03\/Lupa-300x200.jpg 300w, https:\/\/st-justus.ch\/wp-content\/uploads\/2024\/03\/Lupa-768x512.jpg 768w, https:\/\/st-justus.ch\/wp-content\/uploads\/2024\/03\/Lupa-1536x1024.jpg 1536w, https:\/\/st-justus.ch\/wp-content\/uploads\/2024\/03\/Lupa-2048x1365.jpg 2048w\" sizes=\"auto, (max-width: 1024px) 100vw, 1024px\" \/><\/a><\/figure>\n<\/figure>\n\n\n\n<div style=\"height:100px\" aria-hidden=\"true\" class=\"wp-block-spacer\"><\/div>\n\n\n\n<h3 class=\"wp-block-heading alignwide\">Stufenleiter<\/h3>\n\n\n\n<div class=\"wp-block-media-text alignwide is-stacked-on-mobile\"><figure class=\"wp-block-media-text__media\"><img loading=\"lazy\" decoding=\"async\" width=\"683\" height=\"1024\" src=\"https:\/\/st-justus.ch\/wp-content\/uploads\/2024\/03\/Naavi_01-683x1024.jpg\" alt=\"\" class=\"wp-image-4455 size-full\" srcset=\"https:\/\/st-justus.ch\/wp-content\/uploads\/2024\/03\/Naavi_01-683x1024.jpg 683w, https:\/\/st-justus.ch\/wp-content\/uploads\/2024\/03\/Naavi_01-200x300.jpg 200w, https:\/\/st-justus.ch\/wp-content\/uploads\/2024\/03\/Naavi_01-768x1152.jpg 768w, https:\/\/st-justus.ch\/wp-content\/uploads\/2024\/03\/Naavi_01-1024x1536.jpg 1024w, https:\/\/st-justus.ch\/wp-content\/uploads\/2024\/03\/Naavi_01-1365x2048.jpg 1365w, https:\/\/st-justus.ch\/wp-content\/uploads\/2024\/03\/Naavi_01-scaled.jpg 1707w\" sizes=\"auto, (max-width: 683px) 100vw, 683px\" \/><\/figure><div class=\"wp-block-media-text__content\">\n<p class=\"has-medium-font-size\"><strong>Naavi<\/strong><br>Chantal Ris<\/p>\n\n\n\n<p><br>ris.chantal@gmail.com<\/p>\n<\/div><\/div>\n\n\n\n<div style=\"height:100px\" aria-hidden=\"true\" class=\"wp-block-spacer\"><\/div>\n\n\n\n<h3 class=\"wp-block-heading alignwide\">Leiter<\/h3>\n\n\n\n<div class=\"wp-block-media-text alignwide has-media-on-the-right is-stacked-on-mobile\"><div class=\"wp-block-media-text__content\">\n<p class=\"has-text-align-right has-medium-font-size\"><strong>Brumo<\/strong><br>Janik W\u00fcrth<\/p>\n<\/div><figure class=\"wp-block-media-text__media\"><img loading=\"lazy\" decoding=\"async\" width=\"683\" height=\"1024\" src=\"https:\/\/st-justus.ch\/wp-content\/uploads\/2024\/03\/Brumo_01-683x1024.jpg\" alt=\"\" class=\"wp-image-4458 size-full\" srcset=\"https:\/\/st-justus.ch\/wp-content\/uploads\/2024\/03\/Brumo_01-683x1024.jpg 683w, https:\/\/st-justus.ch\/wp-content\/uploads\/2024\/03\/Brumo_01-200x300.jpg 200w, https:\/\/st-justus.ch\/wp-content\/uploads\/2024\/03\/Brumo_01-768x1152.jpg 768w, https:\/\/st-justus.ch\/wp-content\/uploads\/2024\/03\/Brumo_01-1024x1536.jpg 1024w, https:\/\/st-justus.ch\/wp-content\/uploads\/2024\/03\/Brumo_01-1365x2048.jpg 1365w, https:\/\/st-justus.ch\/wp-content\/uploads\/2024\/03\/Brumo_01-scaled.jpg 1707w\" sizes=\"auto, (max-width: 683px) 100vw, 683px\" \/><\/figure><\/div>\n\n\n\n<div class=\"wp-block-media-text alignwide is-stacked-on-mobile\"><figure class=\"wp-block-media-text__media\"><img loading=\"lazy\" decoding=\"async\" width=\"683\" height=\"1024\" src=\"https:\/\/st-justus.ch\/wp-content\/uploads\/2024\/03\/Basucka_01-683x1024.jpg\" alt=\"\" class=\"wp-image-4460 size-full\" srcset=\"https:\/\/st-justus.ch\/wp-content\/uploads\/2024\/03\/Basucka_01-683x1024.jpg 683w, https:\/\/st-justus.ch\/wp-content\/uploads\/2024\/03\/Basucka_01-200x300.jpg 200w, https:\/\/st-justus.ch\/wp-content\/uploads\/2024\/03\/Basucka_01-768x1152.jpg 768w, https:\/\/st-justus.ch\/wp-content\/uploads\/2024\/03\/Basucka_01-1024x1536.jpg 1024w, https:\/\/st-justus.ch\/wp-content\/uploads\/2024\/03\/Basucka_01-1365x2048.jpg 1365w, https:\/\/st-justus.ch\/wp-content\/uploads\/2024\/03\/Basucka_01-scaled.jpg 1707w\" sizes=\"auto, (max-width: 683px) 100vw, 683px\" \/><\/figure><div class=\"wp-block-media-text__content\">\n<p class=\"has-text-align-left has-medium-font-size\"><strong>Basucka<\/strong><br>Luca Lozza<\/p>\n<\/div><\/div>\n\n\n\n<div class=\"wp-block-media-text alignwide has-media-on-the-right is-stacked-on-mobile\"><div class=\"wp-block-media-text__content\">\n<p class=\"has-text-align-right has-medium-font-size\"><strong>Bambam<\/strong><br>Nadja Gall<br><\/p>\n<\/div><figure class=\"wp-block-media-text__media\"><img loading=\"lazy\" decoding=\"async\" width=\"683\" height=\"1024\" src=\"https:\/\/st-justus.ch\/wp-content\/uploads\/2024\/03\/Bambam_01-683x1024.jpg\" alt=\"\" class=\"wp-image-4456 size-full\" srcset=\"https:\/\/st-justus.ch\/wp-content\/uploads\/2024\/03\/Bambam_01-683x1024.jpg 683w, https:\/\/st-justus.ch\/wp-content\/uploads\/2024\/03\/Bambam_01-200x300.jpg 200w, https:\/\/st-justus.ch\/wp-content\/uploads\/2024\/03\/Bambam_01-768x1152.jpg 768w, https:\/\/st-justus.ch\/wp-content\/uploads\/2024\/03\/Bambam_01-1024x1536.jpg 1024w, https:\/\/st-justus.ch\/wp-content\/uploads\/2024\/03\/Bambam_01-1365x2048.jpg 1365w, https:\/\/st-justus.ch\/wp-content\/uploads\/2024\/03\/Bambam_01-scaled.jpg 1707w\" sizes=\"auto, (max-width: 683px) 100vw, 683px\" \/><\/figure><\/div>\n\n\n\n<div class=\"wp-block-media-text alignwide is-stacked-on-mobile\"><figure class=\"wp-block-media-text__media\"><img loading=\"lazy\" decoding=\"async\" width=\"683\" height=\"1024\" src=\"https:\/\/st-justus.ch\/wp-content\/uploads\/2024\/03\/Banani_01-683x1024.jpg\" alt=\"\" class=\"wp-image-4457 size-large\" srcset=\"https:\/\/st-justus.ch\/wp-content\/uploads\/2024\/03\/Banani_01-683x1024.jpg 683w, https:\/\/st-justus.ch\/wp-content\/uploads\/2024\/03\/Banani_01-200x300.jpg 200w, https:\/\/st-justus.ch\/wp-content\/uploads\/2024\/03\/Banani_01-768x1152.jpg 768w, https:\/\/st-justus.ch\/wp-content\/uploads\/2024\/03\/Banani_01-1024x1536.jpg 1024w, https:\/\/st-justus.ch\/wp-content\/uploads\/2024\/03\/Banani_01-1365x2048.jpg 1365w, https:\/\/st-justus.ch\/wp-content\/uploads\/2024\/03\/Banani_01-scaled.jpg 1707w\" sizes=\"auto, (max-width: 683px) 100vw, 683px\" \/><\/figure><div class=\"wp-block-media-text__content\">\n<p class=\"has-text-align-left has-medium-font-size\"><strong>Banani<\/strong><br>Nina Gall<br><\/p>\n<\/div><\/div>\n\n\n\n<div class=\"wp-block-media-text alignwide has-media-on-the-right is-stacked-on-mobile\"><div class=\"wp-block-media-text__content\">\n<p class=\"has-text-align-right has-medium-font-size\"><strong>Kaja<\/strong><br>Tania Monteiro<br><\/p>\n<\/div><figure class=\"wp-block-media-text__media\"><img loading=\"lazy\" decoding=\"async\" width=\"683\" height=\"1024\" src=\"https:\/\/st-justus.ch\/wp-content\/uploads\/2024\/03\/Kaja_01-683x1024.jpg\" alt=\"\" class=\"wp-image-4459 size-full\" srcset=\"https:\/\/st-justus.ch\/wp-content\/uploads\/2024\/03\/Kaja_01-683x1024.jpg 683w, https:\/\/st-justus.ch\/wp-content\/uploads\/2024\/03\/Kaja_01-200x300.jpg 200w, https:\/\/st-justus.ch\/wp-content\/uploads\/2024\/03\/Kaja_01-768x1152.jpg 768w, https:\/\/st-justus.ch\/wp-content\/uploads\/2024\/03\/Kaja_01-1024x1536.jpg 1024w, https:\/\/st-justus.ch\/wp-content\/uploads\/2024\/03\/Kaja_01-1365x2048.jpg 1365w, https:\/\/st-justus.ch\/wp-content\/uploads\/2024\/03\/Kaja_01-scaled.jpg 1707w\" sizes=\"auto, (max-width: 683px) 100vw, 683px\" \/><\/figure><\/div>\n\n\n\n<figure class=\"wp-block-image alignwide size-large\"><a href=\"https:\/\/st-justus.ch\/wp-content\/uploads\/2024\/03\/Leiter_Pfader-scaled.jpg\"><img loading=\"lazy\" decoding=\"async\" width=\"1024\" height=\"683\" src=\"https:\/\/st-justus.ch\/wp-content\/uploads\/2024\/03\/Leiter_Pfader-1024x683.jpg\" alt=\"\" class=\"wp-image-4453\" srcset=\"https:\/\/st-justus.ch\/wp-content\/uploads\/2024\/03\/Leiter_Pfader-1024x683.jpg 1024w, https:\/\/st-justus.ch\/wp-content\/uploads\/2024\/03\/Leiter_Pfader-300x200.jpg 300w, https:\/\/st-justus.ch\/wp-content\/uploads\/2024\/03\/Leiter_Pfader-768x512.jpg 768w, https:\/\/st-justus.ch\/wp-content\/uploads\/2024\/03\/Leiter_Pfader-1536x1024.jpg 1536w, https:\/\/st-justus.ch\/wp-content\/uploads\/2024\/03\/Leiter_Pfader-2048x1365.jpg 2048w\" sizes=\"auto, (max-width: 1024px) 100vw, 1024px\" \/><\/a><\/figure>\n\n\n\n<hr class=\"wp-block-separator has-css-opacity\"\/>\n","protected":false},"excerpt":{"rendered":"<p>Bist du zwischen 10 \u2013 16&nbsp;Jahre alt?Dann kannst du bei den Pfadis mitmachen. Als Mitglied der Pfadistufe wirst du Pfadigenannt. Was erlebst du in der Pfadistufe? Hast du dich schon einmal mit Karte und Kompass auf eine Wanderung begeben? Oder bist du schon einmal in tollen Gel\u00e4ndespielen gegen andere Gruppen angetreten? Hast du mal Verbrecher &hellip; <a href=\"https:\/\/st-justus.ch\/?page_id=714\" class=\"more-link\"><span class=\"screen-reader-text\">Pfadistufe<\/span> weiterlesen <span class=\"meta-nav\">&rarr;<\/span><\/a><\/p>\n","protected":false},"author":5,"featured_media":0,"parent":706,"menu_order":0,"comment_status":"closed","ping_status":"closed","template":"","meta":{"footnotes":""},"class_list":["post-714","page","type-page","status-publish","hentry"],"_links":{"self":[{"href":"https:\/\/st-justus.ch\/index.php?rest_route=\/wp\/v2\/pages\/714","targetHints":{"allow":["GET"]}}],"collection":[{"href":"https:\/\/st-justus.ch\/index.php?rest_route=\/wp\/v2\/pages"}],"about":[{"href":"https:\/\/st-justus.ch\/index.php?rest_route=\/wp\/v2\/types\/page"}],"author":[{"embeddable":true,"href":"https:\/\/st-justus.ch\/index.php?rest_route=\/wp\/v2\/users\/5"}],"replies":[{"embeddable":true,"href":"https:\/\/st-justus.ch\/index.php?rest_route=%2Fwp%2Fv2%2Fcomments&post=714"}],"version-history":[{"count":33,"href":"https:\/\/st-justus.ch\/index.php?rest_route=\/wp\/v2\/pages\/714\/revisions"}],"predecessor-version":[{"id":5207,"href":"https:\/\/st-justus.ch\/index.php?rest_route=\/wp\/v2\/pages\/714\/revisions\/5207"}],"up":[{"embeddable":true,"href":"https:\/\/st-justus.ch\/index.php?rest_route=\/wp\/v2\/pages\/706"}],"wp:attachment":[{"href":"https:\/\/st-justus.ch\/index.php?rest_route=%2Fwp%2Fv2%2Fmedia&parent=714"}],"curies":[{"name":"wp","href":"https:\/\/api.w.org\/{rel}","templated":true}]}}