{"id":712,"date":"2016-04-03T14:02:49","date_gmt":"2016-04-03T14:02:49","guid":{"rendered":"http:\/\/st-justus.ch\/?page_id=712"},"modified":"2025-10-20T14:34:13","modified_gmt":"2025-10-20T14:34:13","slug":"wolfsstufe","status":"publish","type":"page","link":"https:\/\/st-justus.ch\/?page_id=712","title":{"rendered":"Wolfsstufe"},"content":{"rendered":"\n<p><strong>Bist du zwischen&nbsp;6-10<\/strong><strong>&nbsp;Jahre alt?<\/strong><br>Dann kannst du bei den W\u00f6lfen&nbsp;mitmachen. Als Mitglied der Wolfsstufe&nbsp;wirst du&nbsp;Wolf<br>genannt.<\/p>\n\n\n\n<h6 class=\"wp-block-heading\"><span id=\"parent-fieldname-description\"><\/span><strong>Was erlebst du in der Wolfsstufe?<\/strong><\/h6>\n\n\n\n<p>Hast du dich schon einmal mit einer Karte auf die Suche nach einem verlorenen Piratenschatz gemacht? Oder im Wald eine richtige Baumh\u00fctte gebaut? Als Detektiv eine geheime Botschaft entschl\u00fcsselt? Am Lagerfeuer Honig\u00e4pfel und W\u00fcrste gebraten? Bei den W\u00f6lfen kannst du all das und noch viel mehr erleben!<\/p>\n\n\n\n<p>Die W\u00f6lfe treffen sich fast jeden Samstag und erleben spannende Abenteuer in der Natur. Dabei kannst du dich so richtig austoben. Du lernst bei uns tolle Spiele kennen und gewinnst viele neue Freundinnen und Freunde.<\/p>\n\n\n\n<p>Der H\u00f6hepunkt jedes Jahres ist jedoch das Sommerlager. Die W\u00f6lfe zelten eine Woche zusammen mit der Pfadistufe irgendwo in der Schweiz. Ein packendes Lagerthema begleitet die Gruppe durch die ganze Woche.<\/p>\n\n\n\n<p>Der Wahlspruch der W\u00f6lfe lautet &#8222;Mis bescht\u201c. Das bedeutet, dass sich alle Kinder M\u00fche geben wollen, ihr Bestes zu geben. Beim Zusammenleben nehmen alle aufeinander R\u00fccksicht und behandeln einander mit Respekt.<\/p>\n\n\n\n<p>Nach drei bis vier Jahren bei den W\u00f6lfen hast du viel erlebt und gelernt und kannst anschliessend in die<span class=\"apple-converted-space\">&nbsp;<\/span><span style=\"color: windowtext; text-decoration: none; text-underline: none;\">Pfadistufe<\/span>, zu den <a href=\"https:\/\/st-justus.ch\/?page_id=714\">Pfadis<\/a>, wechseln und dort weitere Abenteuer erleben.<\/p>\n\n\n\n<hr class=\"wp-block-separator has-css-opacity\"\/>\n\n\n\n<figure class=\"wp-block-gallery has-nested-images columns-default is-cropped wp-block-gallery-1 is-layout-flex wp-block-gallery-is-layout-flex\">\n<figure class=\"wp-block-image size-large\"><a href=\"https:\/\/st-justus.ch\/wp-content\/uploads\/2024\/03\/Woelfli_Jungs-scaled.jpg\"><img loading=\"lazy\" decoding=\"async\" width=\"1024\" height=\"683\" data-id=\"4470\" src=\"https:\/\/st-justus.ch\/wp-content\/uploads\/2024\/03\/Woelfli_Jungs-1024x683.jpg\" alt=\"\" class=\"wp-image-4470\" srcset=\"https:\/\/st-justus.ch\/wp-content\/uploads\/2024\/03\/Woelfli_Jungs-1024x683.jpg 1024w, https:\/\/st-justus.ch\/wp-content\/uploads\/2024\/03\/Woelfli_Jungs-300x200.jpg 300w, https:\/\/st-justus.ch\/wp-content\/uploads\/2024\/03\/Woelfli_Jungs-768x512.jpg 768w, https:\/\/st-justus.ch\/wp-content\/uploads\/2024\/03\/Woelfli_Jungs-1536x1024.jpg 1536w, https:\/\/st-justus.ch\/wp-content\/uploads\/2024\/03\/Woelfli_Jungs-2048x1365.jpg 2048w\" sizes=\"auto, (max-width: 1024px) 100vw, 1024px\" \/><\/a><\/figure>\n\n\n\n<figure class=\"wp-block-image size-large\"><a href=\"https:\/\/st-justus.ch\/wp-content\/uploads\/2024\/03\/Woelfli_Maedchen-scaled.jpg\"><img loading=\"lazy\" decoding=\"async\" width=\"1024\" height=\"683\" data-id=\"4471\" src=\"https:\/\/st-justus.ch\/wp-content\/uploads\/2024\/03\/Woelfli_Maedchen-1024x683.jpg\" alt=\"\" class=\"wp-image-4471\" srcset=\"https:\/\/st-justus.ch\/wp-content\/uploads\/2024\/03\/Woelfli_Maedchen-1024x683.jpg 1024w, https:\/\/st-justus.ch\/wp-content\/uploads\/2024\/03\/Woelfli_Maedchen-300x200.jpg 300w, https:\/\/st-justus.ch\/wp-content\/uploads\/2024\/03\/Woelfli_Maedchen-768x512.jpg 768w, https:\/\/st-justus.ch\/wp-content\/uploads\/2024\/03\/Woelfli_Maedchen-1536x1024.jpg 1536w, https:\/\/st-justus.ch\/wp-content\/uploads\/2024\/03\/Woelfli_Maedchen-2048x1365.jpg 2048w\" sizes=\"auto, (max-width: 1024px) 100vw, 1024px\" \/><\/a><\/figure>\n<\/figure>\n\n\n\n<div style=\"height:100px\" aria-hidden=\"true\" class=\"wp-block-spacer\"><\/div>\n\n\n\n<h3 class=\"wp-block-heading alignwide has-text-align-center\">Co-Stufenleiterinnen<\/h3>\n\n\n\n<div class=\"wp-block-media-text alignwide\"><figure class=\"wp-block-media-text__media\"><img loading=\"lazy\" decoding=\"async\" width=\"683\" height=\"1024\" src=\"https:\/\/st-justus.ch\/wp-content\/uploads\/2025\/02\/Banani_01-683x1024.jpg\" alt=\"\" class=\"wp-image-4975 size-full\" srcset=\"https:\/\/st-justus.ch\/wp-content\/uploads\/2025\/02\/Banani_01-683x1024.jpg 683w, https:\/\/st-justus.ch\/wp-content\/uploads\/2025\/02\/Banani_01-200x300.jpg 200w, https:\/\/st-justus.ch\/wp-content\/uploads\/2025\/02\/Banani_01-768x1152.jpg 768w, https:\/\/st-justus.ch\/wp-content\/uploads\/2025\/02\/Banani_01-1024x1536.jpg 1024w, https:\/\/st-justus.ch\/wp-content\/uploads\/2025\/02\/Banani_01-1365x2048.jpg 1365w, https:\/\/st-justus.ch\/wp-content\/uploads\/2025\/02\/Banani_01-scaled.jpg 1707w\" sizes=\"auto, (max-width: 683px) 100vw, 683px\" \/><\/figure><div class=\"wp-block-media-text__content\">\n<p class=\"has-text-align-left has-medium-font-size\"><strong>Banani<\/strong><br>Nina Gall<\/p>\n<\/div><\/div>\n\n\n\n<div class=\"wp-block-media-text alignwide has-media-on-the-right\"><div class=\"wp-block-media-text__content\">\n<p class=\"has-text-align-right has-medium-font-size\"><strong>Bambam<\/strong><br>Nadja Gall<\/p>\n<\/div><figure class=\"wp-block-media-text__media\"><img loading=\"lazy\" decoding=\"async\" width=\"683\" height=\"1024\" src=\"https:\/\/st-justus.ch\/wp-content\/uploads\/2025\/02\/Bambam_01-683x1024.jpg\" alt=\"\" class=\"wp-image-4977 size-full\" srcset=\"https:\/\/st-justus.ch\/wp-content\/uploads\/2025\/02\/Bambam_01-683x1024.jpg 683w, https:\/\/st-justus.ch\/wp-content\/uploads\/2025\/02\/Bambam_01-200x300.jpg 200w, https:\/\/st-justus.ch\/wp-content\/uploads\/2025\/02\/Bambam_01-768x1152.jpg 768w, https:\/\/st-justus.ch\/wp-content\/uploads\/2025\/02\/Bambam_01-1024x1536.jpg 1024w, https:\/\/st-justus.ch\/wp-content\/uploads\/2025\/02\/Bambam_01-1365x2048.jpg 1365w, https:\/\/st-justus.ch\/wp-content\/uploads\/2025\/02\/Bambam_01-scaled.jpg 1707w\" sizes=\"auto, (max-width: 683px) 100vw, 683px\" \/><\/figure><\/div>\n\n\n\n<div style=\"height:100px\" aria-hidden=\"true\" class=\"wp-block-spacer\"><\/div>\n\n\n\n<h3 class=\"wp-block-heading alignwide\">Leiter<\/h3>\n\n\n\n<div class=\"wp-block-media-text alignwide\"><figure class=\"wp-block-media-text__media\"><img loading=\"lazy\" decoding=\"async\" width=\"683\" height=\"1024\" src=\"https:\/\/st-justus.ch\/wp-content\/uploads\/2024\/03\/Cirrus_01-683x1024.jpg\" alt=\"\" class=\"wp-image-4473 size-full\" srcset=\"https:\/\/st-justus.ch\/wp-content\/uploads\/2024\/03\/Cirrus_01-683x1024.jpg 683w, https:\/\/st-justus.ch\/wp-content\/uploads\/2024\/03\/Cirrus_01-200x300.jpg 200w, https:\/\/st-justus.ch\/wp-content\/uploads\/2024\/03\/Cirrus_01-768x1152.jpg 768w, https:\/\/st-justus.ch\/wp-content\/uploads\/2024\/03\/Cirrus_01-1024x1536.jpg 1024w, https:\/\/st-justus.ch\/wp-content\/uploads\/2024\/03\/Cirrus_01-1365x2048.jpg 1365w, https:\/\/st-justus.ch\/wp-content\/uploads\/2024\/03\/Cirrus_01-scaled.jpg 1707w\" sizes=\"auto, (max-width: 683px) 100vw, 683px\" \/><\/figure><div class=\"wp-block-media-text__content\">\n<p class=\"has-medium-font-size\"><strong>Cirrus<\/strong><br>Janik Aschwanden<br><\/p>\n<\/div><\/div>\n\n\n\n<div class=\"wp-block-media-text alignwide has-media-on-the-right\"><div class=\"wp-block-media-text__content\">\n<p class=\"has-text-align-right has-medium-font-size\"><strong>Smiley<\/strong><br>No\u00ebl Aschwanden<br><\/p>\n<\/div><figure class=\"wp-block-media-text__media\"><img loading=\"lazy\" decoding=\"async\" width=\"682\" height=\"1024\" src=\"https:\/\/st-justus.ch\/wp-content\/uploads\/2024\/03\/Smiley.jpg\" alt=\"\" class=\"wp-image-4493 size-full\" srcset=\"https:\/\/st-justus.ch\/wp-content\/uploads\/2024\/03\/Smiley.jpg 682w, https:\/\/st-justus.ch\/wp-content\/uploads\/2024\/03\/Smiley-200x300.jpg 200w\" sizes=\"auto, (max-width: 682px) 100vw, 682px\" \/><\/figure><\/div>\n\n\n\n<div class=\"wp-block-media-text alignwide\"><figure class=\"wp-block-media-text__media\"><img loading=\"lazy\" decoding=\"async\" width=\"683\" height=\"1024\" src=\"https:\/\/st-justus.ch\/wp-content\/uploads\/2024\/03\/Mystic_01-683x1024.jpg\" alt=\"\" class=\"wp-image-4476 size-full\" srcset=\"https:\/\/st-justus.ch\/wp-content\/uploads\/2024\/03\/Mystic_01-683x1024.jpg 683w, https:\/\/st-justus.ch\/wp-content\/uploads\/2024\/03\/Mystic_01-200x300.jpg 200w, https:\/\/st-justus.ch\/wp-content\/uploads\/2024\/03\/Mystic_01-768x1152.jpg 768w, https:\/\/st-justus.ch\/wp-content\/uploads\/2024\/03\/Mystic_01-1024x1536.jpg 1024w, https:\/\/st-justus.ch\/wp-content\/uploads\/2024\/03\/Mystic_01-1365x2048.jpg 1365w, https:\/\/st-justus.ch\/wp-content\/uploads\/2024\/03\/Mystic_01-scaled.jpg 1707w\" sizes=\"auto, (max-width: 683px) 100vw, 683px\" \/><\/figure><div class=\"wp-block-media-text__content\">\n<p class=\"has-text-align-right has-medium-font-size\"><strong>Mystic<\/strong><br>Michael Schrepfer<br><\/p>\n<\/div><\/div>\n\n\n\n<figure class=\"wp-block-image alignwide size-large\"><a href=\"https:\/\/st-justus.ch\/wp-content\/uploads\/2024\/03\/Leiter_Woelfli-scaled.jpg\"><img loading=\"lazy\" decoding=\"async\" width=\"1024\" height=\"683\" src=\"https:\/\/st-justus.ch\/wp-content\/uploads\/2024\/03\/Leiter_Woelfli-1024x683.jpg\" alt=\"\" class=\"wp-image-4477\" srcset=\"https:\/\/st-justus.ch\/wp-content\/uploads\/2024\/03\/Leiter_Woelfli-1024x683.jpg 1024w, https:\/\/st-justus.ch\/wp-content\/uploads\/2024\/03\/Leiter_Woelfli-300x200.jpg 300w, https:\/\/st-justus.ch\/wp-content\/uploads\/2024\/03\/Leiter_Woelfli-768x512.jpg 768w, https:\/\/st-justus.ch\/wp-content\/uploads\/2024\/03\/Leiter_Woelfli-1536x1024.jpg 1536w, https:\/\/st-justus.ch\/wp-content\/uploads\/2024\/03\/Leiter_Woelfli-2048x1365.jpg 2048w\" sizes=\"auto, (max-width: 1024px) 100vw, 1024px\" \/><\/a><\/figure>\n\n\n\n<hr class=\"wp-block-separator has-css-opacity\"\/>\n","protected":false},"excerpt":{"rendered":"<p>Bist du zwischen&nbsp;6-10&nbsp;Jahre alt?Dann kannst du bei den W\u00f6lfen&nbsp;mitmachen. Als Mitglied der Wolfsstufe&nbsp;wirst du&nbsp;Wolfgenannt. Was erlebst du in der Wolfsstufe? Hast du dich schon einmal mit einer Karte auf die Suche nach einem verlorenen Piratenschatz gemacht? Oder im Wald eine richtige Baumh\u00fctte gebaut? Als Detektiv eine geheime Botschaft entschl\u00fcsselt? Am Lagerfeuer Honig\u00e4pfel und W\u00fcrste gebraten? &hellip; <a href=\"https:\/\/st-justus.ch\/?page_id=712\" class=\"more-link\"><span class=\"screen-reader-text\">Wolfsstufe<\/span> weiterlesen <span class=\"meta-nav\">&rarr;<\/span><\/a><\/p>\n","protected":false},"author":5,"featured_media":0,"parent":706,"menu_order":0,"comment_status":"closed","ping_status":"closed","template":"","meta":{"footnotes":""},"class_list":["post-712","page","type-page","status-publish","hentry"],"_links":{"self":[{"href":"https:\/\/st-justus.ch\/index.php?rest_route=\/wp\/v2\/pages\/712","targetHints":{"allow":["GET"]}}],"collection":[{"href":"https:\/\/st-justus.ch\/index.php?rest_route=\/wp\/v2\/pages"}],"about":[{"href":"https:\/\/st-justus.ch\/index.php?rest_route=\/wp\/v2\/types\/page"}],"author":[{"embeddable":true,"href":"https:\/\/st-justus.ch\/index.php?rest_route=\/wp\/v2\/users\/5"}],"replies":[{"embeddable":true,"href":"https:\/\/st-justus.ch\/index.php?rest_route=%2Fwp%2Fv2%2Fcomments&post=712"}],"version-history":[{"count":35,"href":"https:\/\/st-justus.ch\/index.php?rest_route=\/wp\/v2\/pages\/712\/revisions"}],"predecessor-version":[{"id":5205,"href":"https:\/\/st-justus.ch\/index.php?rest_route=\/wp\/v2\/pages\/712\/revisions\/5205"}],"up":[{"embeddable":true,"href":"https:\/\/st-justus.ch\/index.php?rest_route=\/wp\/v2\/pages\/706"}],"wp:attachment":[{"href":"https:\/\/st-justus.ch\/index.php?rest_route=%2Fwp%2Fv2%2Fmedia&parent=712"}],"curies":[{"name":"wp","href":"https:\/\/api.w.org\/{rel}","templated":true}]}}