{"id":2554,"date":"2020-06-20T12:40:34","date_gmt":"2020-06-20T12:40:34","guid":{"rendered":"http:\/\/st-justus.ch\/?page_id=2554"},"modified":"2025-10-20T14:31:25","modified_gmt":"2025-10-20T14:31:25","slug":"mitwirkung-der-eltern","status":"publish","type":"page","link":"https:\/\/st-justus.ch\/?page_id=2554","title":{"rendered":"Mitwirkung der Erziehungsberechtigten"},"content":{"rendered":"\n<h4 class=\"wp-block-heading\">Bei welchen Events nehmen Erziehungsberechtigte teil?<\/h4>\n\n\n\n<p>Pfadi ist nicht nur f\u00fcr Kinder sondern kann auch f\u00fcr deren Familien sehr spannend sein. Einblicke in die Pfadiwelt k\u00f6nnen sie an den verschiedensten Events erhalten.<\/p>\n\n\n\n<p><strong>HV<\/strong><br><em>Hauptversammlung<\/em><br>Die HV findet meistens im Fr\u00fchjahr statt. Hier sind alle Mitglieder und bei unter 16-J\u00e4hrigen auch deren Erziehungsberechtigten eingeladen. Bei der HV werden \u00fcber Personelle- und Statuten\u00e4nderungen abgestimmt.<\/p>\n\n\n\n<p><strong>St. Georgsfest<\/strong><br>Bei diesem Fest wird dem heiligen St. Georg, Schutzpatron der Pfadi, gedenkt. Hierf\u00fcr gehen wir in die St. Georgskapelle in Berschis. Hier werden Pfadiversprechen abgelegt und gemeinsam \u00fcber dem Lagerfeuer gebr\u00e4telt.<\/p>\n\n\n\n<p><strong>Besuchstag<\/strong><br>Am Sonntag nach der ersten Lagerwoche k\u00f6nnen die Familien den Lagerplatz besuchen und einen Blick in das Lagerleben werfen. Die W\u00f6lfe werden an diesem Tag direkt mit den entsprechenden Familien mit nach Hause genommen.<\/p>\n\n\n\n<p><strong>St. Justusfest<\/strong><br>Das St. Justusfest feiert unsere Abteilung. Im November treffen sich alle Mitglieder, sowie deren Familien f\u00fcr einen feinen Z&#8217;nacht, einem R\u00fcckblick in das vergangene Jahr und einen Ausblick in die n\u00e4chsten.<\/p>\n\n\n\n<p><strong>Spezielle Infoanl\u00e4sse<\/strong><br>Vor speziellen Lager wie Bundeslager, Auslandslager, etc. werden Infoanl\u00e4sse stattfinden, um Informationen zu geben und Fragen zu kl\u00e4ren.<\/p>\n\n\n\n<h4 class=\"wp-block-heading\">Ich w\u00fcrde gerne aktiver bei der Pfadi mithelfen?<br><\/h4>\n\n\n\n<p><strong>Alpr\u00e4umen<\/strong><\/p>\n\n\n\n<p>Als Verein muss die Pfadi ihre Finanzen mit unterschiedlichen Aktivit\u00e4ten decken. Das Alpr\u00e4umen ist eine dieser Aktivit\u00e4ten. Hier k\u00f6nnen Mitglieder ab 14 Jahre sowie Familien der Mitglieder teilnehmen und die Pfadi somit unterst\u00fctzen. Das Alpr\u00e4umen wird von der Ortsgemeinde Flums organisiert und dauert nur einen Tag. <br>Hier auch noch ein riesiges Dankesch\u00f6n f\u00fcr alle, die bereits dabei waren!<\/p>\n\n\n\n<p><strong>Altpapiersammeln<\/strong><\/p>\n\n\n\n<p>Eine weitere Einnahmequelle ist das Altpapiersammeln. Dieses findet drei Mal im Jahr statt. Die Gemeinde organisiert die Daten und die Container f\u00fcr das Papier. Jedoch m\u00fcssen wir selbst die &#8222;B\u00fcssli&#8220; bereitstellen. Deshalb sind wir immer froh um lokale Unternehmer, welche uns ein Transporter zu Verf\u00fcgung stellen.<br>Auch hier noch ein riesiges Dankesch\u00f6n an alle Unternehmen, die uns bereits unterst\u00fctzen!<\/p>\n\n\n\n<p><strong>SoLa Auf- \/ Abbau<\/strong><\/p>\n\n\n\n<p>Jedes Jahr bauen wir ein neues Zuhause f\u00fcr unsere Pfadis auf. Daf\u00fcr brauchen wir viele starke Helfer. Melde dich bei interesse doch bei einem Abteilungsleiter!<\/p>\n\n\n\n<p><strong>Abteilungskomitee<\/strong><\/p>\n\n\n\n<p>Das Leiterteam wird das ganze Jahr um von dem Abteilungskomitee unterst\u00fctzt. Das Komitee besteht aus Alt-Pfadfinder und Eltern. Immer wieder werden Stellen frei, bei Interesse, melde dich doch beim Abteilungskomiteepr\u00e4sident!<\/p>\n\n\n\n<p><strong>Pfadihaus Putztage<\/strong><\/p>\n\n\n\n<p>Das Abteilungskomitee verantwortet das Pfadihaus. Das Pfadihaus wird zwei Mal im Jahr gr\u00fcndlich rausgeputzt. Auch hier suchen wir jedes Jahr Helfer und Helferinnen. Bei Interesse melde dich doch beim Abteilungskomiteepr\u00e4sident.<\/p>\n\n\n\n<h4 class=\"wp-block-heading\">Mehr Infos<\/h4>\n\n\n\n<div class=\"wp-block-columns has-2-columns is-layout-flex wp-container-core-columns-is-layout-9d6595d7 wp-block-columns-is-layout-flex\">\n<div class=\"wp-block-column is-layout-flow wp-block-column-is-layout-flow\">\n<div class=\"wp-block-button is-style-outline aligncenter is-style-outline--1\"><a class=\"wp-block-button__link wp-element-button\" href=\"https:\/\/st-justus.ch\/?page_id=741\">Abteilungskomitee<\/a><\/div>\n<\/div>\n\n\n\n<div class=\"wp-block-column is-layout-flow wp-block-column-is-layout-flow\">\n<div class=\"wp-block-button is-style-outline aligncenter is-style-outline--2\"><a class=\"wp-block-button__link wp-element-button\" href=\"https:\/\/st-justus.ch\/?page_id=20\">Kalender<\/a><\/div>\n<\/div>\n<\/div>\n","protected":false},"excerpt":{"rendered":"<p>Bei welchen Events nehmen Erziehungsberechtigte teil? Pfadi ist nicht nur f\u00fcr Kinder sondern kann auch f\u00fcr deren Familien sehr spannend sein. Einblicke in die Pfadiwelt k\u00f6nnen sie an den verschiedensten Events erhalten. HVHauptversammlungDie HV findet meistens im Fr\u00fchjahr statt. Hier sind alle Mitglieder und bei unter 16-J\u00e4hrigen auch deren Erziehungsberechtigten eingeladen. Bei der HV werden &hellip; <a href=\"https:\/\/st-justus.ch\/?page_id=2554\" class=\"more-link\"><span class=\"screen-reader-text\">Mitwirkung der Erziehungsberechtigten<\/span> weiterlesen <span class=\"meta-nav\">&rarr;<\/span><\/a><\/p>\n","protected":false},"author":5,"featured_media":0,"parent":0,"menu_order":0,"comment_status":"closed","ping_status":"closed","template":"","meta":{"footnotes":""},"class_list":["post-2554","page","type-page","status-publish","hentry"],"_links":{"self":[{"href":"https:\/\/st-justus.ch\/index.php?rest_route=\/wp\/v2\/pages\/2554","targetHints":{"allow":["GET"]}}],"collection":[{"href":"https:\/\/st-justus.ch\/index.php?rest_route=\/wp\/v2\/pages"}],"about":[{"href":"https:\/\/st-justus.ch\/index.php?rest_route=\/wp\/v2\/types\/page"}],"author":[{"embeddable":true,"href":"https:\/\/st-justus.ch\/index.php?rest_route=\/wp\/v2\/users\/5"}],"replies":[{"embeddable":true,"href":"https:\/\/st-justus.ch\/index.php?rest_route=%2Fwp%2Fv2%2Fcomments&post=2554"}],"version-history":[{"count":6,"href":"https:\/\/st-justus.ch\/index.php?rest_route=\/wp\/v2\/pages\/2554\/revisions"}],"predecessor-version":[{"id":5203,"href":"https:\/\/st-justus.ch\/index.php?rest_route=\/wp\/v2\/pages\/2554\/revisions\/5203"}],"wp:attachment":[{"href":"https:\/\/st-justus.ch\/index.php?rest_route=%2Fwp%2Fv2%2Fmedia&parent=2554"}],"curies":[{"name":"wp","href":"https:\/\/api.w.org\/{rel}","templated":true}]}}