{"id":2049,"date":"2019-11-27T15:31:27","date_gmt":"2019-11-27T15:31:27","guid":{"rendered":"http:\/\/st-justus.ch\/?page_id=2049"},"modified":"2025-10-24T06:49:15","modified_gmt":"2025-10-24T06:49:15","slug":"lager","status":"publish","type":"page","link":"https:\/\/st-justus.ch\/?page_id=2049","title":{"rendered":"Lager"},"content":{"rendered":"\n<p><strong>KALA 2026<\/strong> | TATZ\u00c4<\/p>\n\n\n\n<p>Liebe Pfadieltern<br>Wie bereits angek\u00fcndigt k\u00f6nnen wir uns nun f\u00fcr Kantonallager (KALA) anmelden. Das KALA f\u00e4llt f\u00fcr uns etwas teurer aus und leider k\u00f6nnen wir nicht die ganzen Mehrkosten \u00fcbernehmen. Deshalb mussten wir den Lagerbeitrag leicht erh\u00f6hen. Danke f\u00fcr euer Verst\u00e4ndnis.<\/p>\n\n\n\n<p><strong>Lagerinformationen<\/strong><br><strong>W\u00f6lfe<\/strong>&nbsp;<br>Datum: 20. \u2013 25. Juli 2026<br>Lagerbeitrag: 130 CHF<\/p>\n\n\n\n<p><br><strong>Pfader &amp; Pios<\/strong><br>Datum: 12. \u2013 25. Juli 2026<br>Lagerbeitrag: 220 CHF<\/p>\n\n\n\n<p><strong>Lageranmeldung<\/strong><br>F\u00fcr das KALA ben\u00f6tigen wir von jedem Teilnehmenden einen unterschriebenen\u00a0<a href=\"https:\/\/st-justus.ch\/wp-content\/uploads\/2025\/10\/03_Anmeldetalon_TATZAe.pdf\" target=\"_blank\" rel=\"noreferrer noopener\">Anmeldetalon<\/a>. Da wir zus\u00e4tzliche Informationen brauchen, die auf diesem Talon nicht enthalten sind, m\u00fcsst ihr\u00a0<strong>zuerst den Anmeldetalon<\/strong>\u00a0ausf\u00fcllen und unterschreiben und danach das\u00a0<strong><a href=\"https:\/\/forms.gle\/VX6QTpnzHwSDr4tR8\" target=\"_blank\" rel=\"noreferrer noopener\">Anmeldeformular<\/a>\u00a0<\/strong>ausf\u00fcllen, in dem ihr den Talon\u00a0<strong>hochladen<\/strong>\u00a0k\u00f6nnt.\u00a0<strong>Anmeldeschluss ist der 30. Oktober 2025.<\/strong><\/p>\n\n\n\n<p><strong>Links<\/strong><br><a href=\"https:\/\/st-justus.ch\/wp-content\/uploads\/2025\/10\/03_Anmeldetalon_TATZAe.pdf\" target=\"_blank\" rel=\"noreferrer noopener\">Klicke hier um den Anmeldetalon herunterzuladen<\/a><br><a href=\"https:\/\/forms.gle\/VX6QTpnzHwSDr4tR8\" target=\"_blank\" rel=\"noreferrer noopener\">Klicke hier f\u00fcr das Anmeldeformular auszuf\u00fcllen<\/a><br><a href=\"https:\/\/www.kala-sgarai.ch\/\" target=\"_blank\" rel=\"noreferrer noopener\">Hier findest du mehr \u00fcber das KALA<\/a><\/p>\n\n\n\n<p>Falls ihr weitere Fragen habt, d\u00fcrft ihr euch jederzeit gerne bei mir melden. Ich beantworte sie nach bestem Wissen oder nehme sie mit an den n\u00e4chsten KALA-Infoanlass.<br><br>Liebi Gr\u00fc\u00e4ss<br>Kaja &amp; Smiley<\/p>\n\n\n\n<div data-wp-interactive=\"core\/file\" class=\"wp-block-file\"><object data-wp-bind--hidden=\"!state.hasPdfPreview\" hidden class=\"wp-block-file__embed\" data=\"https:\/\/st-justus.ch\/wp-content\/uploads\/2023\/05\/Notfallinformationsblatt_Anhang-zu-Anmeldung.pdf\" type=\"application\/pdf\" style=\"width:100%;height:600px\" aria-label=\"Einbettung von Notfallinformationsblatt_Anhang-zu-Anmeldung.\"><\/object><a href=\"https:\/\/st-justus.ch\/wp-content\/uploads\/2023\/05\/Notfallinformationsblatt_Anhang-zu-Anmeldung.pdf\">Notfallinformationsblatt_Anhang-zu-Anmeldung<\/a><a href=\"https:\/\/st-justus.ch\/wp-content\/uploads\/2023\/05\/Notfallinformationsblatt_Anhang-zu-Anmeldung.pdf\" class=\"wp-block-file__button wp-element-button\" download>Herunterladen<\/a><\/div>\n\n\n\n<p><a href=\"https:\/\/docs.google.com\/forms\/d\/e\/1FAIpQLSdZ4iEL6XtKDZWBB3v-NfHL3rBkGny-LzZIy_2oEEhjpzN8Fw\/viewform?usp=sf_link\" target=\"_blank\" rel=\"noreferrer noopener\">Anmeldeformular<\/a><\/p>\n\n\n\n<p><\/p>\n","protected":false},"excerpt":{"rendered":"<p>KALA 2026 | TATZ\u00c4 Liebe PfadielternWie bereits angek\u00fcndigt k\u00f6nnen wir uns nun f\u00fcr Kantonallager (KALA) anmelden. Das KALA f\u00e4llt f\u00fcr uns etwas teurer aus und leider k\u00f6nnen wir nicht die ganzen Mehrkosten \u00fcbernehmen. Deshalb mussten wir den Lagerbeitrag leicht erh\u00f6hen. Danke f\u00fcr euer Verst\u00e4ndnis. LagerinformationenW\u00f6lfe&nbsp;Datum: 20. \u2013 25. Juli 2026Lagerbeitrag: 130 CHF Pfader &amp; PiosDatum: &hellip; <a href=\"https:\/\/st-justus.ch\/?page_id=2049\" class=\"more-link\"><span class=\"screen-reader-text\">Lager<\/span> weiterlesen <span class=\"meta-nav\">&rarr;<\/span><\/a><\/p>\n","protected":false},"author":1,"featured_media":0,"parent":6,"menu_order":0,"comment_status":"closed","ping_status":"closed","template":"","meta":{"footnotes":""},"class_list":["post-2049","page","type-page","status-publish","hentry"],"_links":{"self":[{"href":"https:\/\/st-justus.ch\/index.php?rest_route=\/wp\/v2\/pages\/2049","targetHints":{"allow":["GET"]}}],"collection":[{"href":"https:\/\/st-justus.ch\/index.php?rest_route=\/wp\/v2\/pages"}],"about":[{"href":"https:\/\/st-justus.ch\/index.php?rest_route=\/wp\/v2\/types\/page"}],"author":[{"embeddable":true,"href":"https:\/\/st-justus.ch\/index.php?rest_route=\/wp\/v2\/users\/1"}],"replies":[{"embeddable":true,"href":"https:\/\/st-justus.ch\/index.php?rest_route=%2Fwp%2Fv2%2Fcomments&post=2049"}],"version-history":[{"count":9,"href":"https:\/\/st-justus.ch\/index.php?rest_route=\/wp\/v2\/pages\/2049\/revisions"}],"predecessor-version":[{"id":5221,"href":"https:\/\/st-justus.ch\/index.php?rest_route=\/wp\/v2\/pages\/2049\/revisions\/5221"}],"up":[{"embeddable":true,"href":"https:\/\/st-justus.ch\/index.php?rest_route=\/wp\/v2\/pages\/6"}],"wp:attachment":[{"href":"https:\/\/st-justus.ch\/index.php?rest_route=%2Fwp%2Fv2%2Fmedia&parent=2049"}],"curies":[{"name":"wp","href":"https:\/\/api.w.org\/{rel}","templated":true}]}}